Suppose 39 = 5*j - 221. Suppose j = 4*b - 16. What is the greatest common factor of b and 68?
17
Let s = 17 + -11. Suppose 23 = 3*c + 89. Let x = 70 + c. Calculate the greatest common factor of x and s.
6
Suppose -2*j - 11 = 4*w - 45, 4*j = -20. Let f = w - 6. Suppose 0 = 3*a + 3*o + 7 - 22, a + 3*o + f = 0. Calculate the highest common divisor of 5 and a.
5
Suppose -24 = -5*m + 46. Calculate the greatest common factor of 2 and m.
2
Suppose -3*w + 4*z - 111 = -4*w, 4*w - 463 = 3*z. What is the greatest common factor of 23 and w?
23
Suppose -57 = -3*q + 6. What is the greatest common factor of q and 189?
21
Let l be 2/6 + 11/3. Let q be ((-2)/6)/((-2)/(-6)). Let a = l - q. What is the greatest common factor of 2 and a?
1
Let n(w) = 4*w - 20. Let r be n(19). Suppose -5*u + 3 = -37. Calculate the greatest common factor of u and r.
8
Let w = -18 - -30. Let g = w + -6. What is the highest common factor of g and 48?
6
Let d(u) = 2*u - 8. Let v be d(7). What is the greatest common divisor of 18 and v?
6
Suppose 4*o + 4 = 3*o, -3*y + 139 = -o. Let x be 10*1*6/2. What is the greatest common divisor of x and y?
15
Suppose -4*f + 54 = -f. Let p(k) = k + 12. Let h(w) = w**3 - 5*w**2 + 4*w. Let b be h(4). Let s be p(b). What is the greatest common factor of s and f?
6
Suppose -5*d - 5*a + 12 + 38 = 0, -2*d + 23 = 3*a. Let v = 33 - 15. Let j = v - 11. Calculate the highest common divisor of j and d.
7
Let d be 4/10 + (-18)/(-5). Let c be (130/4)/(d/8). Calculate the greatest common factor of 13 and c.
13
Let q(v) be the first derivative of 2*v**3/3 + 3*v**2/2 + 7*v - 7. Let s be q(-3). What is the greatest common divisor of 32 and s?
16
Let s = 8 + 2. Calculate the greatest common divisor of s and 70.
10
Suppose 13 = 4*l - 31. Calculate the highest common divisor of l and 11.
11
Let g(a) = -a**2 + 9*a. Let u be g(8). What is the highest common factor of 8 and u?
8
Suppose 3*g - 17 = o, -5*g + o + 9 = -20. What is the highest common divisor of g and 42?
6
Let q = 0 + 4. Let c be (0 + -66)/((-12)/8). What is the highest common divisor of q and c?
4
Suppose 0 = -u - 6 + 14. Suppose 0 = 2*z - 4*x - 20, 0 = -2*x + 5 + 5. Calculate the highest common divisor of z and u.
4
Let h be (-9)/(-15) + (-54)/(-10). What is the greatest common divisor of h and 30?
6
Let h(w) = -w**2 - 7*w - 1. Let m be h(-5). Let c = 16 - m. Calculate the greatest common divisor of c and 1.
1
Suppose 88*p = 89*p - 6. Suppose 0 = -5*t + 25, 6*a = a + 2*t + 15. Let w be a - (-1)/(3 - 2). Calculate the highest common factor of p and w.
6
Let r be (-4)/(-4) - (-12 + 1). What is the highest common divisor of r and 12?
12
Suppose -t + 26 = 4. Let m = 26 - 33. Let k = 73 + m. Calculate the greatest common divisor of k and t.
22
Suppose 3*c - 3*n = 99, -4*c = -n + 10 - 139. Calculate the highest common divisor of c and 64.
32
Suppose 136 = 5*b + s, -4*b - 4*s + 66 + 46 = 0. Let w = b + -14. Let p = 22 - w. What is the greatest common factor of 27 and p?
9
Let f(y) = y**3 + 18*y**2 - 4*y - 9. Let n be f(-18). Calculate the highest common factor of n and 9.
9
Suppose 27 = -4*o + 155. What is the highest common factor of 48 and o?
16
Let b(i) = 6*i + 1. Let q be b(-1). Let r = -5 - q. Suppose 5*m - 19 = 2*z - r*z, 4*z - 12 = 0. Calculate the greatest common factor of 25 and m.
5
Suppose 2*v = 112 + 78. Calculate the highest common divisor of v and 19.
19
Let r(j) = j**2 - 7*j - 4. Let p be r(8). Suppose 4*m = -b + 240, -176 = -p*m + b + 64. Calculate the highest common factor of 20 and m.
20
Suppose -6*g - 92 = -2*q - 3*g, -q = 3*g - 55. Calculate the greatest common divisor of 7 and q.
7
Let t(y) = -y**3 - 3*y**2 - 2*y - 3. Let w be t(-3). Suppose 5*j - v - 17 = -3*v, w*j - 11 = -2*v. Calculate the highest common divisor of j and 2.
1
Let d(b) = b**2 - 6*b + 6. Let w be d(8). Calculate the greatest common factor of 11 and w.
11
Suppose -5*w + 26 = -d, -d = 4*w + 3*d - 40. What is the greatest common divisor of 24 and w?
6
Let d(b) = 11*b + 65. Let r be d(-5). Let h be 1/(-2) + 101/2. What is the highest common divisor of h and r?
10
Let o = 9 - 7. Suppose -o*u = -5*u + 3. Let h be ((-1)/(-3))/((-5)/(-30)). Calculate the highest common divisor of u and h.
1
Suppose 0 = -3*i + 3*m + 135, -2*m = i + 2*i - 150. Calculate the greatest common factor of 6 and i.
6
Suppose -2*i - 52 = -6*i. Let u = 13 + 0. Calculate the highest common divisor of i and u.
13
Let r(k) = 6*k - 4*k**2 + 11 + 13*k**2 + k**3 - 9*k. Let x be r(-8). Calculate the highest common divisor of x and 9.
9
Let i(p) = p + 26. Let g be i(0). Let b = -1 + g. Calculate the greatest common divisor of 50 and b.
25
Let p(d) be the third derivative of d**5/60 + d**4/24 + 2*d**3/3 + 3*d**2. Let s be p(-3). Let m = -182 + 262. Calculate the highest common divisor of m and s.
10
Suppose 9*s - 166 = 716. What is the greatest common divisor of 49 and s?
49
Suppose -2*l + 30 = -l. Let u = 20 - -6. Suppose -5*b = -5*m + 27 + 3, u = 3*m - b. What is the highest common factor of m and l?
10
Suppose -42 = 5*q - 2*q. Let l be (-4)/q - (-2)/(-7). Let j be 31 - ((-1 - l) + 0). What is the highest common divisor of 48 and j?
16
Suppose -3*u - 16 = 5*w, -3*w = 2*u + 3 + 7. Let j be (w/4)/((-1)/(-44)). Let r be (-180)/j + (-4)/22. Calculate the greatest common divisor of r and 40.
8
Let s = 19 + -3. What is the highest common factor of s and 2?
2
Suppose 6 = 3*x - 9. What is the greatest common divisor of 2 and x?
1
Suppose 0 = 4*l + 3*l - 42. What is the highest common divisor of l and 30?
6
Let m = 77 + -47. Suppose -4*v + 79 + 101 = 0. Let o be 50/15*v/2. What is the greatest common factor of m and o?
15
Let q = -77 + 94. Suppose 6*b = 3*b + 99. Let w = b + 154. Calculate the greatest common factor of w and q.
17
Suppose 0 = -u + 99 - 39. What is the greatest common factor of u and 12?
12
Let q be 16/(((-16)/28)/(-2)). What is the highest common divisor of 14 and q?
14
Suppose -5*w - 75 = -2*x, 0 = 2*w - x + 13 + 17. Let j be (-2)/(-4)*(-3 - w). Calculate the highest common factor of 24 and j.
6
Suppose q + 3 + 4 = 5*r, -2*q + 4*r = 2. What is the greatest common factor of q and 12?
3
Let r = 8 - 8. Suppose -3*p + 4*y - 48 = r, 0 = p + p + 2*y + 32. Let k = p + 61. Calculate the highest common divisor of 9 and k.
9
Let a = -57 + 113. What is the highest common factor of 28 and a?
28
Let b = 3 - -2. Suppose 5*p - 25 = 0, d - 11 = -2*p + b. Let t = -15 + 39. Calculate the greatest common divisor of t and d.
6
Let c(n) = -8*n + 2. Let d be c(-4). Let l = d + -21. Calculate the greatest common divisor of l and 39.
13
Suppose -5*v + 3*k = -38 + 9, 3*v - 21 = 3*k. Suppose 2*u - s - 50 = 0, -3*u + v*s + 0*s = -70. What is the highest common factor of 104 and u?
26
Let m = 206 - 122. Calculate the greatest common divisor of 12 and m.
12
Let w be ((-92)/1)/(-4)*-1. Let m = w - -29. What is the highest common divisor of 18 and m?
6
Suppose -4*l - 350 = -9*l. What is the highest common divisor of l and 28?
14
Suppose -3*u + 1320 = -c - 327, -4*u + 2183 = 3*c. Suppose m - 1315 = -5*y, 0*y - 4*m = -2*y + u. What is the greatest common divisor of y and 33?
33
Let q(o) = -o**2 - 12*o + 6. Let t be q(-12). What is the greatest common factor of t and 6?
6
Let f be 1*(1 + 0) - -16. Let s(u) = 10*u**2 - u - 1. Let w be s(2). Suppose 5*k = 48 + w. What is the highest common factor of k and f?
17
Suppose 0*m + 2*p + 10 = -3*m, -m = -3*p + 18. Let w be (-27)/m*1*2. Let j be (42/w)/(2/15). What is the greatest common factor of j and 14?
7
Suppose -5*c = 2*g - 288, 0 = g - 4*c - 197 + 53. Let u be (0 + -6)/(2/(-6)). Calculate the highest common factor of u and g.
18
Suppose 2*j = 11 + 7. Let c(r) = -r**3 + 6*r**2 + 3*r - 8. Let x be c(4). What is the greatest common divisor of x and j?
9
Let m = 56 + -40. What is the highest common divisor of 176 and m?
16
Suppose 14*s = 2*s + 300. What is the greatest common divisor of 225 and s?
25
Let y = -216 + 612. Suppose 2*s - y = -0*s. Suppose r + 54 = 4*r. What is the highest common divisor of r and s?
18
Suppose -20 = -5*o, -4*o + 38 = -t + 3*t. What is the greatest common factor of t and 11?
11
Suppose -5*y + 230 = 3*b, 4*b - 106 - 182 = -2*y. What is the greatest common divisor of 14 and b?
14
Let m(c) = -c**3 - 4*c**2 - c. Let r be